 the tens digit of t(k)?
1
What is the units digit of 8/16 - 121/(-2)?
1
Suppose -2*f + k - 10 = 0, 4*k = -4*f + f - 26. Let z(l) = -2*l - 3. What is the units digit of z(f)?
9
Suppose 34*c = 41*c - 2576. What is the units digit of c?
8
Let t = 29 + -24. Let f(g) = -10*g - 6. Let q be f(-5). Suppose -z + t*z = q. What is the units digit of z?
1
Let d(i) = -i**2 - 7*i - 2. Let a be d(-6). Suppose a*f + 4 = 2*f. What is the units digit of f*(-6)/4 + -1?
2
Let h = -49 + 56. What is the units digit of h?
7
What is the units digit of 12/21 - (-356)/14?
6
Suppose 0*l + 44 = l. What is the tens digit of l?
4
Suppose 4*j + 31 = 5*p, 5*j = 3*p - 26 - 3. Suppose -r + 3 = -2*x - 1, p*x = 9. What is the units digit of r?
0
Let n(s) be the second derivative of s**4/12 - s**3/2 + s**2/2 - 2*s. Let g(h) be the first derivative of n(h). What is the units digit of g(3)?
3
Let s be (-2)/2*2 - -2. Let v be s - ((-1 - -1) + 14). Let u = v + 20. What is the units digit of u?
6
Suppose 59 = -2*t - 29. Let p be (-2)/(-11) + 888/t. Let h = p + 35. What is the units digit of h?
5
Let z(o) be the second derivative of -o**4/12 + 5*o**3/3 - 4*o**2 - 2*o. What is the units digit of z(7)?
3
Let q = -2 - -5. Suppose 0 = -5*c - 2*u - 6 - 6, -4*c + q*u = 5. Let n(p) = -5*p - 1. What is the units digit of n(c)?
9
Suppose 5*z + j - 227 = -2*j, -121 = -3*z + 2*j. What is the tens digit of z?
4
Suppose -5*q = -3*c - 27 + 145, -q = -c + 40. What is the tens digit of c?
4
Suppose 2*w + 4 = 4*w. Let q be (-3 + 2)*(2 - w). Suppose -2*i + 4*i - 14 = q. What is the units digit of i?
7
Let w(g) = 91*g**2 + g + 1. What is the tens digit of w(1)?
9
Let t = 88 - 57. What is the tens digit of t?
3
Let x(q) = 0*q**3 - q**2 - 5*q**2 - 2*q - 8 - q**3. What is the units digit of x(-6)?
4
Let i = -4 + 6. Suppose 3*a - a = i. Let y = 2 - a. What is the units digit of y?
1
Let o(p) = -2*p**3 - 4*p**2 - 15*p + 4. Let h(s) = s**3 + 2*s**2 + 7*s - 2. Let m(g) = -13*h(g) - 6*o(g). Let q = -7 - -4. What is the tens digit of m(q)?
1
Suppose 6*q = q. Suppose -2*z + z + 5*h - 26 = q, 3*z - 2*h + 52 = 0. What is the units digit of 2/8 + (-140)/z?
9
Let h(g) = 2*g**3 - 8*g**2 - 5*g + 11. What is the hundreds digit of h(7)?
2
Suppose -3*n + 12 = -3. Suppose 0 = 3*l + 12, n*y + 6*l - 2*l = 39. What is the tens digit of y?
1
Let j be 2*(3 + (-1)/2). Suppose -5*d = -w + 22, 3*d + 22 = -0*d + j*w. What is the units digit of 0/(d + 1) + 16?
6
Suppose -4*r - 4*h = -152, -5*r - h - 16 = -202. What is the tens digit of r?
3
Let o(n) = -1 + 7*n**2 + 1. Let r be 1*(0 + 4 + -3). What is the units digit of o(r)?
7
What is the tens digit of (8/5)/(8/340)?
6
Let d be 5 + 0 + 0 + -3. Suppose -d*n - n = -3. What is the units digit of n?
1
Let p = 81 - 75. What is the units digit of p?
6
Let s(d) = -d**3 + 6*d**2 + 3*d + 7. Let v be s(6). Let g = v + 3. What is the tens digit of g?
2
Let j(l) = l**2 + 13*l - 4. What is the tens digit of j(-18)?
8
Let o = 15 - 11. Suppose 0 = -o*q + 9*q - 180. What is the units digit of q?
6
Let w be 1/((-15)/9 - -2). Suppose 0 = 5*t + w - 8. What is the units digit of t?
1
Let s(o) = o + 5. Let h be 2/(-10) - 4/(-20). What is the units digit of s(h)?
5
Let f(v) = v**2 - v - 1. Let w be f(0). Let l be 3/3 + 4/w. What is the tens digit of 3/6*l*-14?
2
Suppose -19 = 5*p + j, -5*j + 3 = -2. Let s = 6 + p. What is the units digit of s?
2
Suppose 0*r + 10 = 2*r. Let h(f) = 2*f - 5. Let j be h(4). Suppose 15 = j*g, g = -3*w + r*g + 1. What is the units digit of w?
7
What is the units digit of 4/14 - 1730/(-70) - 1?
4
Let y be 10 - 3/6*2. Let z = y - 5. Suppose 12 = 2*m - z. What is the units digit of m?
8
Let l = 9 - 3. What is the units digit of l?
6
Let l be 33/(-7) + 4/(-14). Let s(o) be the second derivative of o**5/20 + 5*o**4/12 - o**3/3 + o**2/2 + 10*o. What is the tens digit of s(l)?
1
Let u(p) = -p**3 + 7*p**2 - 3*p + 5. Let r be u(6). Suppose -j + r = 3. What is the units digit of j?
0
Let f be (2/(-8))/((-4)/32). Suppose 3*m + f = 71. What is the tens digit of m?
2
Let b = 2 - 4. Let s be (-80)/15*3/b. Let l = 21 - s. What is the units digit of l?
3
Let p(m) = 2*m**2 - 6*m + 4. Let t(w) = -w + 12. Let o be t(8). What is the tens digit of p(o)?
1
Let r = 33 + -19. What is the units digit of r?
4
Suppose -5*a = -4*k + 40, -4*k + 4 = 2*a + 2*a. What is the units digit of ((-35)/14)/(1/a)?
0
Suppose -o + 92 = 3*o. Suppose -2*f - 7 = 5*u - 41, 4*u = -3*f + o. What is the units digit of u?
8
Let z(c) be the second derivative of 7*c**3/6 - 3*c**2/2 + c. Let q be z(2). Suppose -4*i = 5*k - 62, 2*i + 35 - q = 3*k. What is the units digit of k?
0
Let h = 38 - 19. Suppose 4*u - 12 = -n, 4*u - 7*n + 2*n = -12. Suppose u*z - 19 - h = 0. What is the units digit of z?
9
Let b(v) = -2*v + 1. Let l(k) = k**2 + 6*k + 5. Let x be l(-4). What is the units digit of b(x)?
7
Suppose -4*t + 6 = 26. Let b(r) = -1 + 2*r**3 - 4*r**2 + 3*r - 3*r**3 + 0*r**2. What is the units digit of b(t)?
9
Let o = -4 + 9. Suppose 3*k + o*x = 4*k - 3, 4*k - x - 107 = 0. What is the units digit of k?
8
Let g = 0 + 78. What is the tens digit of g?
7
Let h = 31 + -3. Let z(v) = -3*v**2 - 5*v - 5. Let x be z(-3). Let g = h + x. What is the tens digit of g?
1
Let y(c) = 7*c + 26. What is the units digit of y(13)?
7
Let u(m) = m**3 - 3*m**2 + m + 1. Let s be u(3). What is the tens digit of (30/s + 0)*4?
3
Suppose -10*o + 132 = -6*o. What is the units digit of o?
3
Let m be 24/(4/(24/9)). Suppose -56 = -3*c + m. Suppose 5*q - 1 = c. What is the units digit of q?
5
Let g(f) = 5*f + 19. What is the units digit of g(14)?
9
What is the tens digit of (39/6)/(4/8)?
1
Let r = 35 - 22. What is the units digit of r?
3
Let p(v) = v**2 + 13*v - 13. Let y = 22 - 36. What is the units digit of p(y)?
1
Suppose r = 1, 3*v - 5*r = -0*r - 149. Let m = v - -33. What is the units digit of (m/10)/(1/(-4))?
6
Let w be 0 - (-44)/(1 - -1). Suppose h - w = -6. What is the units digit of h?
6
Suppose 2*x + 16 = 3*a, 0 = 3*x - a - 3*a + 24. Let i(w) = -3*w - 12. Let z be i(x). Suppose -5*m = 10, -4*u - 4 + z = 4*m. What is the units digit of u?
4
Let y be (2 - (-2)/(-1))/1. Suppose 0 = 5*w - 0*m + m - 30, y = -m + 5. What is the units digit of w?
5
Let v(o) = o**3 + 4*o**2 - 4*o + 1. Suppose 2*g + g = 5*h - 9, 5*g - 10 = 0. Let q be v(h). Let y = q - 32. What is the tens digit of y?
2
Let n(b) = 22*b**2 + 2*b - 3. Let w = 0 - -2. Let f be n(w). Suppose 2*i - 6*i + 2*u = -76, -5*i + f = -u. What is the tens digit of i?
1
Suppose 5*z - 1370 = 205. What is the hundreds digit of z?
3
Let d be -4 - -2 - 7*-1. Let n(m) = -d - 6 + 1 - 2*m. What is the units digit of n(-8)?
6
Let n(s) = -2*s + 8. Let w(h) = 1. Let x(l) = n(l) - 5*w(l). What is the units digit of x(-5)?
3
Let l(v) = -10*v - 3. Suppose 8 - 2 = -3*w. What is the units digit of l(w)?
7
Let d be (3 - 1) + -4 + 1. Let s be 2/(-6) - 35/3. What is the units digit of (d/(-2))/((-2)/s)?
3
Let n be 1/((6/4)/3). Suppose -n*y + 2 = -0*y. Let g = 8 - y. What is the units digit of g?
7
Let x(s) be the third derivative of 0 + 0*s + 1/24*s**4 - 2*s**2 + 1/20*s**5 - 1/3*s**3. What is the units digit of x(2)?
2
Suppose 0 = -3*y - 2*z + 3*z + 40, 2*z = -4*y + 50. What is the units digit of y?
3
Suppose -11*v - 42 + 2550 = 0. What is the hundreds digit of v?
2
What is the units digit of 1/((-15)/(-6) + -2)?
2
Let a(v) = v**2 + 6*v - 7. Let d be a(-7). Let o(l) = 7*l + 2 + l + 4 - l**2 + d*l**2. What is the units digit of o(8)?
6
What is the tens digit of 2/4*1/(4/568)?
7
Let c(j) = 2*j. Let g be 2*(-2)/(-8)*2. Let i be c(g). What is the units digit of (0 + -7)/(-3 + i)?
7
What is the units digit of (-20)/(-30) + 16/3?
6
Let u(v) be the first derivative of -v**2/2 - 8*v - 3. Let k be u(-6). What is the tens digit of (3/9)/(k/(-66))?
1
Let k(d) = d**2 + 13*d + 10. Let r be k(-12). Let g = r + 5. What is the units digit of g?
3
Suppose 2*g = u + 132, 5*g + 3*u = 2*u + 344. Suppose c + 27 = -f, -3*f = -4*c + 13 + g. Let z = f + 39. What is the tens digit of z?
1
Let o(a) = 43*a - 28. What is the units digit of o(6)?
0
Suppose -3*g - 4 = -4*g. Suppose 2*o + 20 = 7*o. Suppose -g*h = -m + 3, 0*h = -2*m + o*h + 6. What is the units digit of m?
3
Let q be (-1)/(-2*(-2)/(-16)). Suppose 5*w - 9 = -p - 4, -w + 1 = q*p. What is the